 divided by 10.
9
Calculate the remainder when 1161 is divided by 166.
165
What is the remainder when 1722 is divided by 240?
42
Calculate the remainder when 364 is divided by 230.
134
What is the remainder when 35 is divided by 1?
0
What is the remainder when 94 is divided by 84?
10
What is the remainder when 20 is divided by 5?
0
What is the remainder when 118 is divided by 20?
18
Calculate the remainder when 150 is divided by 17.
14
Calculate the remainder when 236 is divided by 79.
78
Calculate the remainder when 278 is divided by 53.
13
What is the remainder when 2377 is divided by 262?
19
Calculate the remainder when 108 is divided by 39.
30
Calculate the remainder when 154 is divided by 5.
4
What is the remainder when 494 is divided by 148?
50
What is the remainder when 391 is divided by 66?
61
Calculate the remainder when 7057 is divided by 10.
7
What is the remainder when 296 is divided by 92?
20
What is the remainder when 506 is divided by 13?
12
Calculate the remainder when 1362 is divided by 679.
4
Calculate the remainder when 255 is divided by 50.
5
Calculate the remainder when 3985 is divided by 114.
109
Calculate the remainder when 91 is divided by 54.
37
What is the remainder when 178 is divided by 177?
1
What is the remainder when 176 is divided by 4?
0
Calculate the remainder when 161 is divided by 15.
11
What is the remainder when 39 is divided by 17?
5
Calculate the remainder when 2228 is divided by 1107.
14
Calculate the remainder when 7501 is divided by 121.
120
What is the remainder when 427 is divided by 33?
31
What is the remainder when 472 is divided by 236?
0
Calculate the remainder when 239 is divided by 57.
11
What is the remainder when 557 is divided by 11?
7
What is the remainder when 372 is divided by 106?
54
Calculate the remainder when 122 is divided by 74.
48
Calculate the remainder when 33 is divided by 18.
15
Calculate the remainder when 12 is divided by 2.
0
What is the remainder when 15868 is divided by 230?
228
Calculate the remainder when 65 is divided by 36.
29
Calculate the remainder when 25917 is divided by 18.
15
What is the remainder when 203 is divided by 35?
28
What is the remainder when 104 is divided by 34?
2
Calculate the remainder when 7431 is divided by 24.
15
What is the remainder when 362 is divided by 12?
2
What is the remainder when 51081 is divided by 258?
255
Calculate the remainder when 548 is divided by 184.
180
Calculate the remainder when 480 is divided by 25.
5
What is the remainder when 182 is divided by 8?
6
What is the remainder when 32 is divided by 8?
0
What is the remainder when 1502 is divided by 736?
30
What is the remainder when 441 is divided by 13?
12
What is the remainder when 2473 is divided by 35?
23
What is the remainder when 427 is divided by 13?
11
Calculate the remainder when 424 is divided by 110.
94
What is the remainder when 189 is divided by 17?
2
Calculate the remainder when 132 is divided by 70.
62
Calculate the remainder when 428 is divided by 25.
3
What is the remainder when 208 is divided by 69?
1
Calculate the remainder when 80 is divided by 39.
2
Calculate the remainder when 2662 is divided by 92.
86
Calculate the remainder when 33 is divided by 6.
3
What is the remainder when 716 is divided by 18?
14
What is the remainder when 304 is divided by 148?
8
What is the remainder when 1055 is divided by 351?
2
Calculate the remainder when 212 is divided by 71.
70
What is the remainder when 721 is divided by 257?
207
What is the remainder when 172 is divided by 82?
8
What is the remainder when 416 is divided by 195?
26
Calculate the remainder when 125 is divided by 49.
27
Calculate the remainder when 90 is divided by 55.
35
Calculate the remainder when 7882 is divided by 239.
234
Calculate the remainder when 135 is divided by 19.
2
Calculate the remainder when 3736 is divided by 29.
24
Calculate the remainder when 441 is divided by 8.
1
What is the remainder when 175 is divided by 11?
10
What is the remainder when 8636 is divided by 19?
10
What is the remainder when 1117 is divided by 557?
3
What is the remainder when 1215 is divided by 58?
55
Calculate the remainder when 153 is divided by 138.
15
Calculate the remainder when 2059 is divided by 36.
7
What is the remainder when 1887 is divided by 59?
58
Calculate the remainder when 71 is divided by 40.
31
Calculate the remainder when 2014 is divided by 96.
94
What is the remainder when 1034 is divided by 991?
43
What is the remainder when 451 is divided by 17?
9
Calculate the remainder when 105 is divided by 37.
31
Calculate the remainder when 464 is divided by 260.
204
What is the remainder when 133 is divided by 10?
3
What is the remainder when 215 is divided by 7?
5
Calculate the remainder when 89 is divided by 60.
29
Calculate the remainder when 46 is divided by 27.
19
What is the remainder when 210 is divided by 59?
33
What is the remainder when 1340 is divided by 443?
11
What is the remainder when 100 is divided by 17?
15
Calculate the remainder when 255 is divided by 85.
0
Calculate the remainder when 969 is divided by 54.
51
Calculate the remainder when 500 is divided by 17.
7
Calculate the remainder when 3348 is divided by 53.
9
What is the remainder when 581 is divided by 9?
5
Calculate the remainder when 5892 is divided by 3.
0
What is the remainder when 235 is divided by 6?
1
Calculate the remainder when 317 is divided by 32.
29
Calculate the remainder when 1894 is divided by 53.
39
Calculate the remainder when 6662 is divided by 39.
32
Calculate the remainder when 25 is divided by 6.
1
What is the remainder when 224 is divided by 24?
8
Calculate the remainder when 58 is divided by 10.
8
What is the remainder when 287 is divided by 17?
15
What is the remainder when 1387 is divided by 17?
10
Calculate the remainder when 95 is divided by 30.
5
Calculate the remainder when 515 is divided by 438.
77
What is the remainder when 78 is divided by 45?
33
What is the remainder when 1403 is divided by 36?
35
Calculate the remainder when 30 is divided by 4.
2
What is the remainder when 42 is divided by 21?
0
What is the remainder when 54 is divided by 14?
12
Calculate the remainder when 6688 is divided by 18.
10
Calculate the remainder when 87 is divided by 18.
15
What is the remainder when 179 is divided by 61?
57
Calculate the remainder when 439 is divided by 111.
106
Calculate the remainder when 914 is divided by 131.
128
What is the remainder when 299 is divided by 107?
85
Calculate the remainder when 422 is divided by 207.
8
What is the remainder when 2284 is divided by 85?
74
Calculate the remainder when 1077 is divided by 83.
81
What is the remainder when 206 is divided by 13?
11
What is the remainder when 175 is divided by 44?
43
Calculate the remainder when 259 is divided by 29.
27
Calculate the remainder when 223 is divided by 33.
25
What is the remainder when 1407 is divided by 22?
21
What is the remainder when 560 is divided by 194?
172
Calculate the remainder when 976 is divided by 89.
86
What is the remainder when 22 is divided by 1?
0
What is the remainder when 1198 is divided by 349?
151
What is the remainder when 339 is divided by 73?
47
What is the remainder when 134 is divided by 15?
14
Calculate the remainder when 18762 is divided by 15.
12
What is the remainder when 949 is divided by 25?
24
What is the remainder when 1283 is divided by 40?
3
What is the remainder when 952 is divided by 243?
223
Calculate the remainder when 33785 is divided by 23.
21
Calculate the remainder when 237 is divided by 24.
21
What is the remainder when 344 is divided by 15?
14
Calculate the remainder when 289 is divided by 58.
57
What is the remainder when 1852 is divided by 23?
12
What is the remainder when 457 is divided by 72?
25
What is the remainder when 796 is divided by 21?
19
What is the remainder when 148 is divided by 88?
60
What is the remainder when 77 is divided by 56?
21
What is the remainder when 1582 is divided by 36?
34
Calculate the remainder when 192 is divided by 50.
42
Calculate the remainder when 299 is divided by 75.
74
What is the remainder when 1078 is divided by 83?
82
What is the remainder when 152 is divided by 37?
4
What is the remainder when 21671 is divided by 86?
85
Calculate 